to base 16.
13
16 (base 15) to base 6
33
0 (base 2) to base 8
0
Convert -9 (base 16) to base 15.
-9
What is e (base 15) in base 10?
14
What is -10 (base 5) in base 4?
-11
What is 2 (base 6) in base 9?
2
What is 8e (base 16) in base 15?
97
What is -11 (base 5) in base 15?
-6
9 (base 16) to base 2
1001
Convert 0 (base 11) to base 13.
0
What is 111 (base 2) in base 6?
11
-7b (base 12) to base 14
-6b
Convert 24 (base 13) to base 10.
30
Convert -20 (base 12) to base 2.
-11000
What is 9 (base 11) in base 2?
1001
Convert 34 (base 10) to base 7.
46
-131 (base 4) to base 8
-35
What is 0 (base 6) in base 16?
0
-5 (base 16) to base 4
-11
10 (base 3) to base 9
3
-25 (base 7) to base 9
-21
Convert 100001 (base 2) to base 4.
201
What is -240 (base 6) in base 15?
-66
-10001 (base 2) to base 3
-122
What is -3 (base 15) in base 12?
-3
-166 (base 11) to base 14
-db
Convert 32 (base 7) to base 6.
35
-3 (base 9) to base 7
-3
303 (base 5) to base 8
116
Convert 21 (base 3) to base 8.
7
Convert -13 (base 10) to base 2.
-1101
What is -84 (base 11) in base 13?
-71
What is -6a (base 11) in base 13?
-5b
3 (base 8) to base 6
3
Convert -10 (base 3) to base 11.
-3
What is -1 (base 3) in base 4?
-1
Convert 16 (base 13) to base 7.
25
What is 12 (base 16) in base 2?
10010
What is -17 (base 12) in base 5?
-34
What is 12 (base 12) in base 7?
20
-20 (base 6) to base 9
-13
100011 (base 2) to base 5
120
-35 (base 13) to base 6
-112
-102 (base 10) to base 8
-146
22 (base 6) to base 11
13
-1302 (base 4) to base 15
-79
What is -2 (base 4) in base 9?
-2
What is -11100 (base 2) in base 15?
-1d
26 (base 16) to base 5
123
Convert 11 (base 4) to base 9.
5
What is 2 (base 16) in base 8?
2
-1 (base 5) to base 10
-1
What is 3 (base 14) in base 2?
11
What is -4 (base 5) in base 2?
-100
What is -100 (base 8) in base 12?
-54
3 (base 11) to base 13
3
0 (base 5) to base 8
0
101 (base 2) to base 14
5
140 (base 6) to base 4
330
What is 1 (base 6) in base 7?
1
b (base 15) to base 4
23
What is -3 (base 10) in base 7?
-3
Convert 3 (base 16) to base 7.
3
What is 3 (base 14) in base 5?
3
What is 21 (base 14) in base 16?
1d
Convert 24 (base 12) to base 13.
22
Convert 142 (base 5) to base 15.
32
What is 10 (base 4) in base 5?
4
What is -6 (base 13) in base 10?
-6
-4 (base 8) to base 9
-4
Convert -3 (base 8) to base 5.
-3
Convert 0 (base 8) to base 12.
0
What is 147 (base 12) in base 15?
d4
What is 3 (base 14) in base 8?
3
Convert -1 (base 5) to base 10.
-1
Convert -25 (base 6) to base 10.
-17
41 (base 5) to base 8
25
What is 0 (base 3) in base 11?
0
123 (base 8) to base 15
58
Convert -431 (base 8) to base 16.
-119
What is 166 (base 10) in base 8?
246
Convert -3 (base 16) to base 3.
-10
What is -31 (base 4) in base 9?
-14
Convert 32 (base 4) to base 9.
15
What is -4 (base 5) in base 11?
-4
What is -102 (base 5) in base 8?
-33
Convert -10 (base 6) to base 16.
-6
What is -14 (base 8) in base 15?
-c
Convert 434 (base 7) to base 6.
1005
What is -111 (base 2) in base 4?
-13
-11 (base 3) to base 5
-4
Convert 2 (base 12) to base 5.
2
What is -243 (base 5) in base 13?
-58
Convert -4 (base 12) to base 5.
-4
5 (base 6) to base 5
10
Convert -29 (base 16) to base 14.
-2d
b (base 16) to base 11
10
What is 11a (base 11) in base 14?
a2
What is 37 (base 12) in base 15?
2d
Convert 281 (base 11) to base 4.
11023
What is 3 (base 6) in base 13?
3
-212 (base 6) to base 8
-120
What is 220 (base 4) in base 7?
55
Convert -62 (base 15) to base 5.
-332
0 (base 12) to base 11
0
c5 (base 15) to base 2
10111001
Convert 11010 (base 2) to base 16.
1a
Convert -5 (base 15) to base 6.
-5
What is 58 (base 10) in base 12?
4a
What is -10 (base 3) in base 6?
-3
-6c (base 13) to base 15
-60
-1 (base 10) to base 12
-1
What is 102 (base 4) in base 7?
24
What is -250 (base 9) in base 4?
-3033
Convert -7 (base 16) to base 8.
-7
Convert -2 (base 14) to base 8.
-2
What is -32 (base 5) in base 12?
-15
-11001 (base 3) to base 5
-414
-3 (base 9) to base 15
-3
What is 7 (base 16) in base 7?
10
Convert -4 (base 11) to base 15.
-4
What is 5 (base 12) in base 16?
5
10 (base 3) to base 12
3
-305 (base 6) to base 5
-423
What is 222 (base 3) in base 5?
101
11 (base 3) to base 8
4
-1 (base 3) to base 2
-1
-10 (base 5) to base 4
-11
What is -1 (base 3) in base 14?
-1
12 (base 3) to base 9
5
-10110111 (base 2) to base 16
-b7
Convert -17 (base 15) to base 6.
-34
-35 (base 8) to base 2
-11101
What is -5 (base 8) in base 2?
-101
What is 9 (base 13) in base 3?
100
-5 (base 15) to base 12
-5
-2 (base 14) to base 16
-2
Convert 18 (base 9) to base 16.
11
-33 (base 11) to base 9
-40
What is -11 (base 4) in base 9?
-5
Convert 61 (base 15) to base 7.
160
Convert 1 (base 7) to base 14.
1
What is 1 (base 3) in base 10?
1
Convert 10 (base 6) to base 16.
6
Convert -9 (base 10) to base 11.
-9
Convert 313 (base 8) to base 5.
1303
Convert 21 (base 11) to base 5.
43
Convert -3 (base 9) to base 5.
-3
10 (base 16) to base 7
22
b5 (base 16) to base 14
cd
What is 303 (base 11) in base 10?
366
What is 53 (base 7) in base 4?
212
What is 144 (base 5) in base 2?
110001
Convert 110 (base 3) to base 5.
22
What is -7 (base 12) in base 16?
-7
What is 47 (base 11) in base 4?
303
Convert -30 (base 14) to base 13.
-33
-68 (base 10) to base 5
-233
What is 9 (base 14) in base 8?
11
21 (base 6) to base 10
13
-7 (base 8) to base 4
-13
9b (base 13) to base 15
88
-29 (base 13) to base 7
-50
11 (base 15) to base 10
16
-15 (base 14) to base 15
-14
12 (base 11) to base 4
31
What is -2 (base 11) in base 7?
-2
Convert 103 (base 10) to base 4.
1213
-1010100 (base 2) to base 6
-220
5 (base 10) to base 15
5
Convert -237 (base 13) to base 3.
-112020
What is -192 (base 11) in base 16?
-de
Convert 6 (base 12) to base 14.
6
What is -211 (base 7) in base 8?
-152
1122 (base 3) to base 10
44
What is 31 (base 14) in base 6?
111
What is 243 (base 5) in base 6?
201
-31 (base 12) to base 11
-34
What is 2 (base 6) in base 2?
10
Convert 3 (base 4) to base 14.
3
Convert 10 (base 8) to base 4.
20
Convert 1 (base 10) to base 12.
1
11001001 (base 2) to base 6
533
Convert 7 (base 8) to base 11.
7
330 (base 5) to base 13
6c
Convert -26 (base 15) to base 13.
-2a
Convert 117 (base 8) to base 15.
54
-1 (base 13) to base 4
-1
Convert 2 (base 6) to base 3.
2
-10021 (base 4) to base 14
-14d
Convert 212 (base 3) to base 10.
23
What is -2 (base 7) in base 10?
-2
What is -52 (base 9) in base 14?
-35
-1 (base 13) to base 8
-1
What is -21 (base 13) in base 10?
-27
Convert 3 (base 9) to base 11.
3
Convert -3 (base 4) to base 10.
-3
Convert 1030 (base 4) to base 5.
301
What is -14 (base 11) in base 6?
-23
What is 11 (base 12) in base 6?
21
2b (base 14) to base 15
29
115 (base 9) to base 2
1011111
21 (base 13) to base 4
123
24 (base 5) to base 7
20
Convert 172 (base 9) to base 16.
92
Convert 52 (base 16) to base 2.
1010010
0 (base 12) to base 2
0
10 (base 6) to base 16
6
-44 (base 8) to base 3
-1100
2 (base 12) to base 4
2
What is -3 (base 4) in base 7?
-3
4 (base 11) to base 6
4
Convert -31 (base 8) to base 5.
-100
Convert -74 (base 16) to base 8.
-164
-2b (base 13) to base 15
-27
-1 (base 5) to base 7
-1
Convert 12 (base 7) to base 13.
9
What is -244 (base 6) in base 8?
-144
What is -63 (base 9) in base 7?
-111
Convert -3 (base 9) to base 14.
-3
What is -1 (base 11) in base 5?
-1
What is 70 (base 12) in base 8?
124
What is 2 (base 6) in base 14?
2
20 (base 7) to base 11
13
What is 110 (base 5) in base 15?
20
What is -2 (base 3) in base 15?
-2
What is 51 (base 7) in base 2?
100100
Convert -10100 (base 2) to base 15.
-15
1 (base 3) to base 11
1
Convert 1 (base 10) to base 8.
1
2b (base 12) to base 4
203
What is 8 (base 14) in base 5?
13
Convert 6 (base 16) to base 10.
6
-10 (base 2) to base 4
-2
4 (base 7) to base 14
4
What is 121 (base 3) in base 16?
10
-110 (base 8) to base 5
-242
Convert -3 (base 16) to base 10.
-3
1 (base 14) to base 15
1
What is 0 (base 5) in base 7?
0
What is -10 (base 7) in base 15?
-7
Convert -1 (base 2) to base 7.
-1
d5 (base 14) to base 11
160
3 (base 11) to base 16
3
Convert -5 (base 9) to base 16.
-5
What is -3 (base 6) in base 2?
-11
Convert 31 (base 15) to base 13.
37
308 (base 11) to base 12
26b
2 (base 4) to base 8
2
What is 1 (base 14) in base 2?
1
Convert -10 (base 8) to base 2.
-1000
-3 (base 11) to b